 factor of 1479 and 60333.
51
What is the highest common divisor of 1624 and 49938?
406
Calculate the highest common factor of 33 and 89727.
33
Calculate the highest common factor of 27389 and 1830.
61
What is the greatest common divisor of 2738380 and 184?
92
Calculate the greatest common factor of 240 and 4768680.
120
What is the highest common factor of 1820 and 146900?
260
What is the highest common factor of 77 and 8302?
7
What is the greatest common factor of 599157 and 783?
27
Calculate the highest common factor of 822525 and 10.
5
What is the greatest common divisor of 22 and 182039?
11
What is the highest common divisor of 3 and 2459?
1
Calculate the highest common divisor of 918312 and 24.
24
Calculate the highest common divisor of 588162 and 4941.
183
Calculate the highest common factor of 31501 and 109.
109
Calculate the highest common factor of 3456 and 2544.
48
Calculate the highest common factor of 4 and 467812.
4
Calculate the greatest common divisor of 92991 and 3.
3
What is the highest common factor of 36894 and 774?
258
What is the greatest common factor of 40785 and 45?
15
What is the highest common factor of 42 and 97377?
21
What is the highest common factor of 30954 and 704?
22
Calculate the greatest common divisor of 355 and 34719.
71
Calculate the greatest common divisor of 10 and 5662680.
10
Calculate the greatest common divisor of 17394 and 18.
6
What is the highest common divisor of 92718 and 6?
6
What is the greatest common divisor of 72756 and 54?
18
Calculate the highest common divisor of 1106824 and 2232.
248
Calculate the highest common factor of 1349 and 16701.
19
What is the greatest common divisor of 5750 and 8280?
230
What is the highest common divisor of 543 and 88509?
543
What is the highest common divisor of 93744 and 10395?
189
Calculate the highest common divisor of 29138 and 65989.
857
Calculate the highest common factor of 2102552 and 8.
8
Calculate the highest common factor of 383039 and 67.
67
Calculate the highest common divisor of 18128630 and 34.
34
Calculate the highest common factor of 5544295 and 4845.
1615
What is the highest common divisor of 95 and 10640?
95
What is the greatest common factor of 261877 and 133?
133
What is the greatest common divisor of 31983 and 252?
21
What is the greatest common divisor of 14 and 1776278?
14
Calculate the highest common divisor of 4396 and 686.
14
Calculate the greatest common factor of 351 and 36699.
39
What is the greatest common divisor of 15732 and 23?
23
Calculate the greatest common divisor of 4524 and 624.
156
Calculate the greatest common factor of 11223 and 47214.
387
What is the greatest common factor of 3914 and 2926?
38
What is the highest common divisor of 4272 and 2237104?
1424
What is the highest common factor of 36778 and 3626?
518
What is the greatest common factor of 1036 and 70196?
28
Calculate the greatest common factor of 141328 and 1752.
584
Calculate the highest common factor of 7852 and 2249.
13
What is the highest common factor of 6 and 9564?
6
Calculate the highest common factor of 162 and 184761.
81
Calculate the highest common factor of 1037 and 259879.
17
Calculate the greatest common divisor of 15399 and 493.
29
What is the highest common factor of 8 and 1256?
8
Calculate the greatest common factor of 221 and 2298179.
221
What is the highest common divisor of 1230060 and 83?
83
What is the greatest common factor of 3924 and 564?
12
Calculate the greatest common divisor of 119 and 82061.
7
Calculate the greatest common factor of 18 and 302823.
9
What is the greatest common divisor of 460 and 3198725?
115
What is the greatest common factor of 2551 and 4?
1
Calculate the greatest common divisor of 27 and 4041603.
27
What is the highest common factor of 1705 and 20801?
341
What is the highest common divisor of 1194 and 42?
6
Calculate the greatest common factor of 2106 and 301392.
234
What is the greatest common factor of 297 and 59301?
99
What is the highest common factor of 4389190 and 494?
494
What is the greatest common divisor of 1037 and 7808?
61
What is the highest common factor of 68 and 7786?
34
What is the highest common divisor of 60 and 7715?
5
What is the highest common divisor of 436020 and 60?
60
Calculate the highest common factor of 2728384 and 958.
958
Calculate the highest common divisor of 288 and 19272.
24
What is the highest common divisor of 38184 and 777?
111
Calculate the highest common factor of 2448 and 12576.
48
Calculate the highest common divisor of 154139 and 34.
17
What is the greatest common factor of 1701 and 14364?
189
What is the greatest common divisor of 47 and 41?
1
Calculate the highest common factor of 2137906 and 766.
766
Calculate the highest common divisor of 39 and 183079.
13
Calculate the greatest common factor of 305344 and 468.
52
What is the greatest common divisor of 480992 and 32?
32
What is the greatest common divisor of 7414282 and 74?
74
What is the highest common factor of 127 and 339979?
127
What is the highest common factor of 155491 and 16975?
679
What is the highest common factor of 170903 and 185?
37
Calculate the highest common divisor of 18801 and 1053.
9
What is the highest common divisor of 315 and 3335?
5
What is the greatest common factor of 54976 and 43809?
859
Calculate the highest common divisor of 6287403 and 174.
87
Calculate the highest common factor of 841 and 2105023.
841
Calculate the greatest common divisor of 418629 and 188.
47
Calculate the greatest common divisor of 2548 and 2062.
2
What is the highest common factor of 88949 and 194?
97
What is the highest common factor of 126 and 16164?
18
Calculate the highest common factor of 11129 and 279.
31
Calculate the highest common divisor of 2650 and 16165.
265
What is the greatest common factor of 396 and 9174?
66
What is the greatest common factor of 36982 and 5863?
451
Calculate the highest common factor of 21850 and 161.
23
Calculate the greatest common factor of 1895200 and 1035.
115
What is the highest common factor of 24233 and 1089?
11
Calculate the greatest common divisor of 114000 and 254000.
2000
Calculate the greatest common factor of 5343 and 51.
3
What is the highest common divisor of 60 and 938040?
60
What is the highest common factor of 707105 and 2225?
445
What is the greatest common divisor of 290152 and 8?
8
What is the highest common divisor of 27000 and 54?
54
Calculate the highest common divisor of 333535 and 410.
205
What is the greatest common factor of 1584 and 15696?
144
Calculate the highest common divisor of 8 and 1689184.
8
What is the greatest common divisor of 77235 and 45?
15
What is the greatest common factor of 576 and 264744?
72
Calculate the highest common factor of 862855 and 623.
623
What is the greatest common divisor of 301665 and 39?
39
Calculate the greatest common divisor of 55 and 695772.
11
What is the greatest common divisor of 20532 and 23316?
348
What is the highest common divisor of 14854 and 112?
14
Calculate the highest common factor of 420 and 615930.
210
Calculate the greatest common divisor of 138 and 205806.
6
What is the highest common divisor of 91429 and 39?
13
What is the greatest common factor of 245694 and 6?
6
Calculate the highest common divisor of 941865 and 15.
15
Calculate the highest common divisor of 21976 and 1640.
328
What is the greatest common factor of 6006 and 88?
22
What is the highest common divisor of 104103 and 387?
387
What is the highest common divisor of 861 and 356331?
123
What is the greatest common factor of 66 and 2016091?
11
Calculate the highest common factor of 2004 and 504.
12
Calculate the highest common divisor of 11748 and 6675.
267
What is the highest common factor of 6950 and 2224?
278
What is the highest common divisor of 33454 and 774?
86
What is the greatest common divisor of 2273823 and 1082?
541
What is the highest common factor of 6351 and 5655?
87
What is the greatest common factor of 2744 and 3244094?
686
What is the greatest common divisor of 8987 and 7524?
209
Calculate the highest common factor of 192 and 14232.
24
What is the greatest common divisor of 1400 and 128632?
56
What is the greatest common divisor of 1408 and 4631?
11
What is the greatest common factor of 54 and 86?
2
Calculate the highes